(-2).
-15
Let h(o) = 228*o + 94351. Determine h(-414).
-41
Let t(f) = -2270*f - 29091. Give t(-13).
419
Let u(y) = -1888*y - 560734. Determine u(-297).
2
Let w(j) = -32*j**2 + j + 234. Determine w(0).
234
Let p(k) = -k**3 - 496*k**2 + 3005*k - 259568. Give p(-503).
-20
Let w(n) = 39*n**3 - 293*n**2 + 125*n - 51. Give w(7).
-156
Let v(k) = 1937*k**2 - 199509*k - 175. Give v(103).
31
Let x(i) = -i**3 - 22*i**2 - 918*i - 4927. Calculate x(-6).
5
Let n(h) = -4*h**3 - 14*h**2 + 2949*h + 2951. Determine n(-1).
-8
Let q(a) = a**3 - 31*a**2 + 94*a - 91. Calculate q(11).
-1477
Let u(h) = h**3 - 29*h**2 - 1440*h - 204. Calculate u(-26).
56
Let z(r) = r**3 + 21*r**2 + 26*r - 18. Determine z(-20).
-138
Let d(o) = o**3 - 42*o**2 + 50*o + 1588. Determine d(40).
388
Let l(u) = -6438*u - 19277. Give l(-3).
37
Let n(i) = -5666*i + 11387. Calculate n(2).
55
Let f(n) = 190*n + 16042. What is f(-82)?
462
Let a(s) = 1408*s - 13415. Determine a(10).
665
Let a(x) = -7*x**3 - 207*x**2 - 113*x + 95. Give a(-29).
8
Let h(v) = 2*v**3 + 61*v**2 - 3063*v - 28349. Calculate h(-54).
1
Let k(d) = -4*d**2 + 388*d + 2195. What is k(102)?
155
Let y(n) = 3419*n + 78671. Determine y(-23).
34
Let t(a) = 124*a + 10785. Give t(-92).
-623
Let u(g) = -15*g**3 - 11*g**2 + 15*g - 4. Calculate u(4).
-1080
Let s(i) = -29504*i + 147565. Calculate s(5).
45
Let m(l) = -1556*l - 29568. What is m(-19)?
-4
Let s(g) = 5*g**3 - 46*g**2 + 49*g + 83. What is s(3)?
-49
Let u(o) = -190*o**2 + 1369*o + 7922. What is u(11)?
-9
Let k(s) = -s**3 - 44*s**2 - 372*s - 2967. Calculate k(-36).
57
Let o(y) = -2527*y - 3070311. Give o(-1215).
-6
Let r(j) = 6*j**3 + 662*j**2 + 948*j + 8298. What is r(-109)?
14
Let a(i) = 142*i**2 + 2320*i + 9452. Calculate a(-8).
-20
Let d(h) = -h**3 + 24*h**2 - 12486*h - 75965. Give d(-6).
31
Let v(d) = -d**2 + 13674*d - 22083415. Give v(1871).
-2
Let p(t) = 5*t**2 + 688*t + 1758. Calculate p(-135).
3
Let b(y) = 4*y**2 + 7561*y + 353718. What is b(-48)?
6
Let l(u) = 5*u**3 + 60*u**2 + 160*u - 61. Determine l(-7).
44
Let k(g) = 4*g**2 - 809*g + 1587. Give k(201).
582
Let h(p) = 2*p**2 - 181*p - 48198. What is h(208)?
682
Let t(r) = -r**2 - 23533*r - 822397. Calculate t(-35).
33
Let p(z) = -z**2 - 43*z - 151. Give p(-10).
179
Let l(t) = -t**3 + 178*t**2 - 2726*t + 2106. Calculate l(161).
3877
Let k(q) = -642*q**2 + 35311*q - 69. Calculate k(55).
-14
Let y(v) = 4*v**3 + 19*v**2 + 1006*v + 10777. Determine y(-11).
-3314
Let b(i) = -i**3 + 28*i**2 - 113*i - 94. Determine b(5).
-84
Let y(u) = 916*u + 239076. Give y(-261).
0
Let m(f) = 21*f**3 + 8*f**2 + 97*f + 492. Give m(-5).
-2418
Let t(f) = f**2 + 2929*f - 11746. What is t(4)?
-14
Let j(g) = -4*g**2 - 472*g - 13330. Give j(-71).
18
Let g(b) = -b**2 - 156*b - 3299. What is g(-33)?
760
Let a(m) = 226*m**2 - 5575*m - 99443. What is a(-12)?
1
Let m(c) = 80289*c - 10598155. What is m(132)?
-7
Let n(t) = -t**2 - 14*t + 378. Give n(14).
-14
Let p(h) = -40327*h - 280271. What is p(-7)?
2018
Let g(p) = -105840*p - 423341. Calculate g(-4).
19
Let t(v) = 13*v**2 + 208*v + 146. Give t(-17).
367
Let b(k) = 188881*k - 2266575. Give b(12).
-3
Let k(y) = -218*y - 482. What is k(8)?
-2226
Let i(z) = 10*z**3 + 15*z**2 + 1310*z + 8859. What is i(-7)?
-3006
Let d(k) = -364*k + 36568. Determine d(100).
168
Let i(b) = 4547*b - 40943. Calculate i(9).
-20
Let r(h) = h**3 - 55*h**2 - 480*h - 6048. Determine r(64).
96
Let u(b) = b**3 + 232*b**2 - 2304*b - 1222. Calculate u(10).
-62
Let t(m) = m**3 + 450*m**2 + 2752*m + 39041. Give t(-444).
-31
Let y(i) = -i**3 - 120*i**2 + 491*i - 588. What is y(-124)?
32
Let t(u) = u**3 - 117*u**2 + 719*u + 16667. Give t(109).
-10
Let w(z) = 9*z**3 - 26*z**2 + 80*z - 154. Give w(3).
95
Let k(z) = 60737*z + 3097570. What is k(-51)?
-17
Let u(l) = l**3 - 351*l**2 - 1437*l - 37. What is u(-4)?
31
Let z(t) = -307*t**2 - 19036*t - 128. Determine z(-62).
-4
Let j(y) = -y**3 + 67*y**2 - 1068*y + 15013. Calculate j(52).
37
Let u(s) = -s**3 + 4*s**2 - 2864*s - 11448. What is u(-4)?
136
Let l(m) = -m**2 + 458*m + 3582. Calculate l(-8).
-146
Let c(q) = 12082*q + 169143. What is c(-14)?
-5
Let y(o) = -3*o**3 - 41*o**2 + 35*o + 340. Give y(-13).
-453
Let j(n) = 5*n**3 - 37*n**2 + 24*n - 58. What is j(7)?
12
Let d(l) = l**3 - 95*l**2 - 15*l - 7693. What is d(96)?
83
Let p(a) = -621*a**2 - 264*a - 582. Give p(-2).
-2538
Let y(d) = -d**3 + 42*d**2 + 346*d + 1. Give y(-7).
-20
Let i(w) = -519*w**2 + 7783*w + 43. Give i(15).
13
Let x(k) = 506*k - 3847. Calculate x(10).
1213
Let p(r) = r**2 + 189*r + 4273. What is p(-26)?
35
Let f(v) = -v**3 - 14*v**2 + 10*v - 69. Calculate f(0).
-69
Let v(f) = -4*f**2 + 105*f - 1798. Give v(16).
-1142
Let r(y) = 67*y**3 - 1474*y**2 - 37*y + 813. Calculate r(22).
-1
Let k(g) = 221658*g - 1773366. Calculate k(8).
-102
Let c(m) = -3*m**2 - 129*m + 780. Calculate c(-48).
60
Let z(m) = m**2 - 279*m + 17468. What is z(180)?
-352
Let g(w) = 145*w - 1971. Determine g(10).
-521
Let w(y) = -12*y**2 + 957*y + 34990. What is w(107)?
1
Let b(x) = x**2 - 105*x - 4398. Give b(137).
-14
Let u(o) = o**3 + 12*o**2 - 708*o - 7872. Determine u(-11).
37
Let v(o) = -18*o**2 + 8903*o - 718794. Calculate v(393).
3
Let h(u) = 19858*u + 39716. Give h(-2).
0
Let b(d) = -d**3 + 434*d**2 + 1764*d - 5268. What is b(438)?
-12
Let v(w) = -w**2 - 44*w + 38. What is v(-37)?
297
Let f(l) = -5*l**2 - 254*l + 6861. Calculate f(-70).
141
Let v(c) = -3679*c + 84631. What is v(23)?
14
Let n(u) = 10*u**3 + 353*u**2 - 2068*u - 3. Determine n(6).
2457
Let o(l) = 9*l**3 - 152*l**2 + 85*l + 632. Determine o(16).
-56
Let n(b) = b**3 - 37*b**2 - 296*b + 7079. Calculate n(40).
39
Let a(h) = h**3 - 20*h**2 - 622*h + 5059. What is a(7)?
68
Let a(g) = 175*g + 32813. Give a(-177).
1838
Let l(a) = 1069*a + 13746. Give l(-13).
-151
Let d(k) = -5*k**2 - 15483*k + 77547. Calculate d(5).
7
Let t(q) = -5749*q**2 - 1822431*q + 630. Determine t(-317).
-4
Let z(y) = -y**3 + 29*y**2 - 217*y + 1796. Give z(23).
-21
Let t(i) = -164*i**3 + 1145*i**2 - 22*i + 38. Give t(7).
-263
Let b(q) = -q**3 - 89*q**2 - 499*q + 360. Calculate b(-83).
443
Let m(q) = 9488*q + 5. Calculate m(0).
5
Let m(c) = -c**3 - 14*c**2 + 9*c - 322. Give m(-18).
812
Let z(r) = 421*r + 354836. Calculate z(-843).
-67
Let n(y) = -50*y**2 + 6422*y - 6432. Calculate n(1).
-60
Let d(u) = 2*u**2 - 64*u + 169. What is d(38)?
625
Let p(r) = -671*r**2 - 11430*r - 18. Determine p(-17).
373
Let m(w) = 3*w**2 + 82*w - 1071. Give m(10).
49
Let g(d) = -d**2 + 414*d + 111730. What is g(601)?
-657
Let d(a) = -14744*a + 221152. Give d(15).
-8
Let t(u) = -u**3 + 871*u**2 - 90748*u - 242. Determine t(121).
0
Let d(r) = -9558*r**2 - 3077677*r - 337. Calculate d(-322).
-15
Let i(w) = -4*w**2 + 655*w - 25993. Calculate i(69).
158
Let j(y) = y**3 - 441*y**2 + 3369*y + 41144. Determine j(433).
9
Let c(r) = 60*r**2 + 678*r + 170. Calculate c(-11).
-28
Let m(g) = 3*g**2 + 105*g - 724. Give m(-43).
308
Let n(c) = 1649*c + 2838. Give n(-2).
-460
Let u(v) = -925*v**2 + 17653*v - 44. What is u(19)?
1438
Let y(o) = -4*o**3 + 109*o**2 - 469*o + 1785. Give y(23).
-9
Let n(w) = -6980*w + 502466. Give n(72).
-94
Let s(p) = 2*p**3 - p**2 - 101*p - 298. Calculate s(-6).
-160
Let b(h) = 15*h**3 - 89*h**2 + 270*h - 992. Give b(5).
8
Let z(w) = 1492308*w + 11938437. Give z(-8).
-27
Let k(j) = 5*j**3 - 505*j**2 + 386*j - 38978. What is k(101)?
8
Let z(h) = -38912*h + 428054. Calculate z(11).
22
Let j(l) = -2*l**2 - 882*l - 77033. Calculate j(-120).
7
Let p(y) = 2212*y**2 - 1144*y - 1151. Calculate p(-1).
2205
Let x(u) = -9*u**3 + 261*u**2 + 9*u - 245. Determine x(29).
16
Let a(k) = 395*k - 34705. Determine a(90).
845
Let b(g) = -950*g + 81722. Calculate b(86).
22
Let y(o) = -2*o**3 - 46*o**2 + 252*o + 2581. Give y(-26).
85
Let d(a) = 2261178*a - 9044707. Calculate d(4).
5
Let l(r) = -2*r**2 + 137*r + 7460. Calculate l(104).
76
Let c(n) = 4*n**2 - 331*n - 372. Determine c(-9).
2931
Let t(p) = -12972*p - 232539. Give t(-18).
957
Let t(z) = 954*z + 15097. Give t(-15).
787
Let z(v) = -v**2 + 418*v + 38620. Calculate z(-78).
-68
Let j(q) = 1971*q**2 - 25628*q + 57. Calculate j(13).
-8
Let n(z) = -1052*z - 35610. Calculate n(-33).
-894
Let l(i) = 4587*i - 3343. What is l(1)?
1244
Let t(b) = -742*b + 19313. Calculate t(26).
21
Let d(p) = -2*p